 15*a**2 - 37*a + 36. Calculate the remainder when w(7) is divided by 32.
9
Suppose -16*q - 10 = -18*q. Let i(g) = q*g + g**2 + 15*g + 24 - 5*g. Calculate the remainder when i(-15) is divided by 14.
10
Let z = -338 - -334. What is the remainder when 92 is divided by (-244)/(-4) + z/((-16)/20)?
26
Suppose 16*z - 12 = 12*z. Let x be (-3 - (z - 3)) + 22. Suppose 3*u + 95 = 5*o - 0*o, o + 3*u = x. What is the remainder when 37 is divided by o?
18
Suppose 4*u = v + 24189 + 8724, -2*v = 6*u - 49338. What is the remainder when u is divided by 17?
15
Let a(t) = -t**2 - 5*t + 8. Let f be a(-6). Let k = 482 + -480. Calculate the remainder when 102 is divided by f/6*k - (-1030)/30.
32
Let n(j) = 18*j**3 + 2772*j**2 - 2*j - 301. Let o = 14 + -32. Let k = -5 - o. What is the remainder when k is divided by n(-154)?
6
Let p = 850 - 731. Calculate the remainder when p is divided by (41/(0 + (-4 - -3)))/(-1).
37
Suppose -412 = -j - 4*j + 4*f, 2*f = -6. What is the remainder when (2/(-4) - (-4)/(56/63)) + 233 is divided by j?
77
Calculate the remainder when (8/6)/2 - (-42 + (-213815)/123) is divided by 25.
6
Suppose -630 = -6*k - 29*k. Calculate the remainder when 896 is divided by k.
14
Let t = 19502 - 19421. What is the remainder when 111 is divided by t?
30
Let o = 32 - 17. Suppose 0 = -y - h + 1, 2*y + 6*h - 12 = 2*h. What is the remainder when 87 + (0 - y - 5) is divided by o?
11
Let v = 228 - 209. Suppose -20*m + 161 = -v. Suppose 0*d - 2*d = -4*k + 162, 5*k + 3*d = 208. What is the remainder when k is divided by m?
5
Suppose -7*u + 838 + 750 - 405 = 0. Calculate the remainder when 650 is divided by u.
143
What is the remainder when 563 is divided by (-2038)/(-18) + (-156)/702?
111
Let k = -18536 + 20268. What is the remainder when 1733 is divided by k?
1
Suppose -94*z - 464 = -110*z. What is the remainder when 5809 is divided by z?
9
What is the remainder when (-14 - (-114)/9)*6/(-8)*70 is divided by 64?
6
What is the remainder when 1676 is divided by ((-3)/10)/((-27)/270) + (5 - -7)?
11
Let m = -257 - -450. Calculate the remainder when 1531 is divided by m.
180
Calculate the remainder when 13 is divided by 648/(-1512)*(-6 - 1).
1
Suppose 0 = 4*b - 0*b - 40. Let l(a) = 2*a**3 - 18*a**2 - 27*a + 371. Let d be l(9). Let s = d + b. What is the remainder when s is divided by 14?
12
Suppose -y + 4 = d, y + 19*d - 21*d - 10 = 0. Let v(r) = -19*r**3 + 1. Let q be v(1). Let b = q + 37. What is the remainder when b is divided by y?
1
Suppose -3*s + 1 + 41 = 0. Suppose 0 = -z, o - z - 8 = s. Suppose p + 36 = 4*p. Calculate the remainder when o is divided by p.
10
Suppose 5*k - 1265 = -5*o, -262 = -2*k - o + 240. Let n = k + -187. What is the remainder when n is divided by 10?
2
Let l = -3932 + 4650. Calculate the remainder when l is divided by 141.
13
Suppose 0 = y - 84 + 17. Suppose 241*j = 438*j - 230*j + 4389. What is the remainder when j is divided by y?
66
Suppose 3*i + 2 = -8*n, -3*n - 39 = -225*i + 224*i. Let b = -5 + -74. Let l = -10 - b. Calculate the remainder when l is divided by i.
15
Let i(q) = -q**2 + 53*q - 540. What is the remainder when 2879 is divided by i(17)?
71
Calculate the remainder when (-108)/3*(-1 - 0/5) is divided by 3/(-2)*(-26)/3.
10
Let r(b) = -25*b**2 + 2*b. Let w(q) = 27*q**2 - q. Let c(i) = -6*r(i) - 5*w(i). What is the remainder when 275 is divided by c(2)?
45
Let j = -89 - -94. Suppose -205 = -4*k + 5*c, -5*c = -j*k + 137 + 113. Calculate the remainder when 493 is divided by k.
43
Let s(v) = -686*v - 7185. Calculate the remainder when s(-26) is divided by 67.
65
Let k(z) = z**3 - 12*z**2 + z + 15. Suppose 21*i = -151 + 445. Calculate the remainder when k(12) is divided by i.
13
What is the remainder when 582 is divided by (-9994)/(-18) + 1674/(-7533)?
27
What is the remainder when 201 is divided by 1*(1025/5 + -4)?
0
Suppose -413*k - 1265 = -424*k. What is the remainder when k is divided by 4?
3
Let w(o) = -o**3 + 6*o**2 - 2*o + 2. Suppose s = 9*y - 5*y - 2978, y - 734 = -5*s. Let f = 822 - y. Calculate the remainder when f is divided by w(5).
10
Let z = -21346 - -21350. Let w(q) = 3*q + 3. What is the remainder when w(6) is divided by z?
1
What is the remainder when (-7 + (-5)/((-5)/14))*(-2868)/(-84) is divided by 82?
75
Let o(f) = 4*f + 174. Let c be o(-41). Suppose -d - 28 = -g, c*g - 5*g + 4*d = 167. What is the remainder when (46/(-5))/((-1)/20) is divided by g?
29
Let n = -749 + 782. Let u(d) = d**2 - 36*d + 222. What is the remainder when u(n) is divided by 42?
39
Calculate the remainder when 12*(-14)/(-1344) + 4183/8 is divided by 31.
27
Let s be (-523)/(-8) + 3/(-8). Let q = 79 - s. Calculate the remainder when ((-88)/20)/((-2)/50) is divided by q.
12
What is the remainder when (208 - -318)/(2/8) is divided by 34?
30
Let t(h) = -h**3 + 61*h**2 + 5*h - 295. Let p(c) = 2*c**2 - 9*c - 7. Calculate the remainder when p(7) is divided by t(61).
8
Suppose 0 = -272*a + 22118 + 17866. Calculate the remainder when 5579 is divided by a.
140
Let s = -9111 + 9954. What is the remainder when s is divided by 4?
3
Let o be ((-16)/(-10) + -1)/((-2)/(-270)). Suppose -3*w = -o + 63. Suppose -19 = 4*s - 5*s. Calculate the remainder when s is divided by w.
1
Let y be 5/2*((-8)/(-5) - 0). Suppose -3*m + 500 = -y*r - 541, 0 = 4*r. What is the remainder when m is divided by 89?
80
Let n = -40065 + 41029. Calculate the remainder when n is divided by 144.
100
Suppose 0 = -5*y - m + 5 + 8, -4*y + 3*m + 18 = 0. Let q be y/4 - ((-48)/(-6))/(-32). What is the remainder when 43 is divided by (-46)/(-4) + q + 7/(-14)?
7
Suppose 0*y - 2*y = -10. Let n(p) = p**3 + p**2 - 9*p + 7. Calculate the remainder when n(y) is divided by 24.
16
Let q(d) = -1139*d - 1362. Calculate the remainder when q(-2) is divided by 60.
16
Suppose 74 = 7*u - 24. Let y = -3 + u. What is the remainder when 18 is divided by y?
7
Suppose 4*a + 4*f + 20 = 0, -2*a - 2*a + 10 = -2*f. Suppose a = -59*d + 55*d + 220. Calculate the remainder when d is divided by 0/(5 + -1) + 28.
27
Suppose -56 = -3*l - 5*f, -l + 15 = -f - 17. What is the remainder when l*(3 - 28/(-21)) is divided by 43?
31
Let p = -2243 - -3804. What is the remainder when 831 is divided by (4/2)/(p/(-224) - -7)?
63
Suppose d - 20 = 4*y + 3, -2*y = -5*d + 43. Suppose -473 = d*m - 1453. What is the remainder when m is divided by 48?
44
Suppose -4*c + u + 459 = -0*u, 0 = 3*c + 4*u - 330. What is the remainder when c is divided by 1/(-4) - (-242)/8?
24
Suppose 5*h - 35 + 10 = 0. Suppose -157*d + 154 = -317. What is the remainder when h is divided by d?
2
Let x = -2670 + 2685. What is the remainder when 63 is divided by x?
3
Let a = -2941 - -3092. Let v(p) = 4*p - 27. What is the remainder when a is divided by v(18)?
16
Let s = 3 - 0. Suppose s*k = h + 20, -3*k - 110 = -0*h + 4*h. Let b = 31 + h. What is the remainder when 24 is divided by b?
4
Suppose 50*x - 73*x + 3469 = 134. Calculate the remainder when x is divided by 26.
15
Suppose s + 147 = 203. Let t = s + 19. Calculate the remainder when t is divided by 16.
11
Let x(r) = r**3 - 4*r**2 - 5*r - 11. Let p be x(5). What is the remainder when 2/p - (-5310)/165 is divided by 24?
8
Suppose 6*c - 102 - 222 = 2*c. Calculate the remainder when 6395 is divided by c.
77
Suppose 0 = -0*b + 4*b. Let m = 774 - 769. Suppose -5*o + 86 = -b*o + c, 0 = 5*c - m. What is the remainder when o is divided by 2?
1
Let i(a) = -a**2 - 8*a + 16. Let p be i(-7). Let m = -19 + p. Suppose -18 = m*w - 98. Calculate the remainder when w is divided by 11.
9
Let a(b) = b**2. Let o(v) = v**3 + 16*v**2 - 20*v + 19. Let w(c) = -4*a(c) - o(c). Calculate the remainder when 2 is divided by w(-21).
0
Let u(f) be the second derivative of f**4/12 + 2*f**3/3 + 7*f**2 - 4*f - 6. What is the remainder when 42 is divided by u(-3)?
9
Suppose 29*h + 7122 = 4*z + 24*h, 6*z + 5*h - 10658 = 0. What is the remainder when z is divided by 54?
50
Suppose -50 + 62 = 6*s. Let u be 18 - (-1)/(-2)*6. Suppose s*l = -l + u. Calculate the remainder when 19 is divided by l.
4
Let u(c) = c**3 + 4*c**2 - 11*c + 4. Let r be u(-6). What is the remainder when (2310/(-8))/(-7) - (-2)/(-8) is divided by (r - 1)/((-3)/11)?
8
Let n(a) = -3*a**2 - 55*a + 77. What is the remainder when 349 is divided by n(-19)?
37
Let p be ((-18)/(-8))/(